= 18 + n. List the prime factors of x.
5, 7
Let r(i) = 201*i**3 - i**2 + 2*i - 6. What are the prime factors of r(2)?
2, 3, 89
Let o(h) = -h**2 + 8*h - 3. Let v be o(5). Let q be (1*-93)/(9/v). Let t = -75 - q. List the prime factors of t.
7
Let x(j) = j**2 - 6715*j**3 + 6489*j**3 + 3*j**2 - 2*j**2. List the prime factors of x(-1).
2, 3, 19
Let h be (-52)/(-13)*66/4. Let x be ((-33)/(-6) - 0)*-2. List the prime factors of 12/h - 339/x.
31
Let r = -642 + 1229. List the prime factors of r.
587
Suppose -3846 - 3686 = -14*r. List the prime factors of r.
2, 269
Suppose -165*h + 156*h + 8352 = 0. What are the prime factors of h?
2, 29
Let k = 1652 + -556. What are the prime factors of k?
2, 137
Suppose -3*u + 6*u + 6 = 0. Let g be (5 - 3)*(-3)/u. Suppose 5 = f - 2*q, 22 = 2*f + 2*q - g*q. What are the prime factors of f?
13
Let v(a) = a**3 - 10*a**2 + 2*a + 4. Suppose -5*k + k = -40. Let u be v(k). Suppose -4*l + 0*l = -u. List the prime factors of l.
2, 3
Let y(m) = m**2 - 12*m + 1. Let q be y(12). Let a be 6/6 + (q - 1). Suppose -5*s = 2*p - 3 - a, -4*p = -s - 52. List the prime factors of p.
2, 3
Let c(a) = 13*a**3 + 3*a**2 - 7*a + 12. List the prime factors of c(5).
3, 13, 43
Let y = 9557 + -5548. List the prime factors of y.
19, 211
Let g be (-6)/(-21) - ((-1128)/21 + 4). Suppose -72 - g = -h. What are the prime factors of h?
2, 61
Let u = -3807 + 5796. List the prime factors of u.
3, 13, 17
Let r(y) = -2*y + 1. Let h be r(-2). Suppose -h*z - 94 + 14 = 0. List the prime factors of 28*(-1 - 36/z).
5, 7
Suppose 5*d = -5*q + 1160, 4*q - 2*d - 1113 = -215. What are the prime factors of q?
227
Let r be 1/((-10)/6 + 0 + 2). Suppose -5*x = r*x - 984. List the prime factors of x.
3, 41
Let i(b) = -b**3 + 9*b**2 + 19*b - 5. What are the prime factors of i(-9)?
2, 641
Let k(z) = 4*z - 54. Let u be k(19). Let q = 58 - u. List the prime factors of q.
2, 3
Let r = 84 - 87. List the prime factors of (-412)/r + (-5)/15.
137
Let j be -64 - (12/8 - (-4)/8). Let h be (-2)/6 - 674/(-6). Let n = h + j. What are the prime factors of n?
2, 23
Let a be 684/4*(-6)/(-9). Suppose 225 = m + 2*m. Let d = a - m. List the prime factors of d.
3, 13
Let x = 366 + 0. List the prime factors of x.
2, 3, 61
Suppose -314 = 2*d - 2*u, 4*u = 3*d + 637 - 170. Let s = d + 290. What are the prime factors of s?
3, 43
Let k(x) = x**3 + 7*x**2 + 4*x + 11. Let u be k(-5). Let g be 6/(-45) - 776/30. Let d = u + g. List the prime factors of d.
3, 5
Suppose -89*c + t - 5263 = -92*c, -4*c + 7019 = t. List the prime factors of c.
2, 439
Let d(j) = 4*j + 24. Let g be d(-15). What are the prime factors of g/(-3)*105/20?
3, 7
Let d be 3/5 - (-2485)/25. Suppose -4*m + 5*y - 4*y - 92 = 0, -y - d = 4*m. Let w = m + 65. List the prime factors of w.
41
Let r(c) = c**2 + 6*c + 4. Let s be r(-6). Suppose -3*t = -2*h - 269, -2*t + s*t = -2*h + 176. List the prime factors of t.
89
Suppose -2*l + 7*l = -30. Let h = l + 6. Let t(g) = -g + 33. List the prime factors of t(h).
3, 11
Let v(k) = 2*k - 18. Let z be v(9). Suppose -y + 195 = 3*s + 3*y, z = -3*y - 9. List the prime factors of s.
3, 23
Let v = -235 + 232. Let f(h) = 4*h**2 - 5*h - 7. Let w(g) = 5*g**2 - 4*g - 7. Let z(n) = -5*f(n) + 6*w(n). What are the prime factors of z(v)?
2, 5
Let a = 165 - 118. Suppose c + 5*y = 4*c + a, -c + 4*y = 18. Let v = 45 + c. What are the prime factors of v?
31
What are the prime factors of 32/(-4) + 20 - -4323?
3, 5, 17
Suppose -115*o + 111*o + 208 = 0. What are the prime factors of o?
2, 13
List the prime factors of (-4)/26 + 0 + (-164692)/(-52).
3167
Suppose -21352 = 13*a - 100015. List the prime factors of a.
3, 2017
Let s(x) = 4*x**2 + 2*x - 4. Let a be s(2). List the prime factors of (-315)/42*(-8)/10*a.
2, 3
Suppose -4*o = -7*y + 2*y - 12, -2*o = -2*y - 6. Suppose -1 = k - o. What are the prime factors of k?
2
Suppose 287*c = 290*c - 6276. What are the prime factors of c?
2, 523
Let y = -59 - -42. Let j be (y/2)/((-3)/(-18)). Let s = -25 - j. List the prime factors of s.
2, 13
Let o be 2 + 3 + 0/4. Suppose o*g + 2*k - 43 = 0, -k + 26 = -4*g + 7*g. Suppose 0 = 2*b - 4, 4*b + 238 = 5*s - g. What are the prime factors of s?
3, 17
Suppose 2*g + 1090 = -4*f, -f - 250 = 2*g + 3*g. Let s = f - -476. What are the prime factors of s?
3, 67
Let t be 139/4 - (-6)/(-8). Let y = 56 - t. Suppose -20 = -3*m + y. What are the prime factors of m?
2, 7
Suppose -5*d = -2*d - 27. Let t be d/((-9)/3) + 3. Suppose t = s - 2 - 25. What are the prime factors of s?
3
Let y = 86 - -5. Suppose 0 = z + z + 126. Let r = z + y. List the prime factors of r.
2, 7
Let w = -157 + 161. Let c = -7 + 7. Suppose c = -w*b - 2*b + 198. List the prime factors of b.
3, 11
Suppose 4*y + 5*w = -74, y + 8 = -3*w - 7. What are the prime factors of (-1401)/y + 2 + (-2)/(-7)?
3, 23
Let w be (-1 + -4)/(-7 + 6). Let j(u) = 6*u + 3. Let o be j(w). Suppose -x = -2*x + o. What are the prime factors of x?
3, 11
Let b be 7*(4/5)/2*-10. Let l(i) = 10*i**2 - 1. Let o be l(-2). Let j = o + b. List the prime factors of j.
11
Let g = 7 - 5. Suppose q + 0*q + 9 = 5*s, g*q - 21 = -3*s. Suppose -2*i + q = -2. List the prime factors of i.
2
Let k(x) = x**2 - 2*x + 6. Let c be k(-4). Suppose -2*l + 100 = c. Suppose -5*j + 60 = -l. List the prime factors of j.
19
Let a(y) = 133*y - 245 + 486 - 243. List the prime factors of a(1).
131
Suppose 0 = b + 1, 0 = -5*n + 2*b + 3*b + 2890. List the prime factors of n.
577
Let g(y) = -1 - y + 4 + 3*y**2 + 4*y**2. List the prime factors of g(3).
3, 7
Let r = 12 + -7. Let f(z) = z**2 - 6*z + 4. Let x be f(8). Suppose 3*a + 2*w = x, r*a - 4*w = -3*w + 16. What are the prime factors of a?
2
Suppose 3*j = 3*d - 36, 0 = -3*d - d + 2*j + 48. Let v(u) = 2*u**2 - 20*u + 27. What are the prime factors of v(d)?
3, 5
Let a(p) = p + 9. Let y be a(-10). What are the prime factors of (3*y)/(5/1330*-3)?
2, 7, 19
Let t = 18 - 21. Let o(u) = 17*u + 6. Let j be o(t). Let v = 95 + j. What are the prime factors of v?
2, 5
Let p = -119 + 38. Let w = -45 - p. Let f = -17 + w. What are the prime factors of f?
19
Let t = -16 - -30. Let c = 61 - t. Suppose -c = -w - 3. List the prime factors of w.
2, 11
What are the prime factors of (-9 + 3)/(2 + 8)*-2965?
3, 593
What are the prime factors of 11/(-22)*-2 - -2142?
2143
Suppose -5*u - 4*d + 2 = 0, 2*u + d - 5 = -3. Suppose 3*v + 11 = u*v. Let r = v + 30. List the prime factors of r.
19
Let q(p) be the third derivative of -p**5/60 + 7*p**4/12 - 11*p**3/6 + 28*p**2. Suppose -46 = -4*v + 3*o, -v - v + 5*o + 16 = 0. List the prime factors of q(v).
2
Let f(p) = p**2 - 5*p + 10. Let r(a) = -a**2 + 6*a - 9. Let t(b) = -2*f(b) - 3*r(b). What are the prime factors of t(10)?
3
Let d(k) be the third derivative of k**5/15 - k**4/4 - 7*k**3/2 + 21*k**2. What are the prime factors of d(7)?
7, 19
Suppose -20*f - 225 = -5*f. Let q(k) = k**2 + k - 15. What are the prime factors of q(f)?
3, 5, 13
Let d(w) = 66*w**2 + 2*w + 1. Let f be (-2)/11 + (-9)/11. What are the prime factors of d(f)?
5, 13
Let l(i) = -2*i + 10. Let c be l(5). Suppose -2*h - 5*w + 169 = c, -3*w = 4*h - w - 362. List the prime factors of h.
2, 23
Let l(j) = -j**2 - 11*j + 2. Let a be l(-11). Suppose -a*k = -2*p - 242, 2*k - 5*k + p = -361. What are the prime factors of k?
2, 3, 5
Let b be -1 + (3 + 0 - 943). Let h = -557 - b. Suppose 0*y = 6*y - h. What are the prime factors of y?
2
Suppose 3*w - r - 3328 = 0, -w + 411 = 5*r - 709. List the prime factors of w.
2, 3, 5, 37
Let j = -28 + 70. Suppose j = -0*u + 3*u. Let r = 25 - u. List the prime factors of r.
11
Let k be 8/6*(-525)/(-10)*2. Let p = 50 + k. List the prime factors of p.
2, 5, 19
Let j(y) = y**2 + 6*y + 54. What are the prime factors of j(-12)?
2, 3, 7
Let l = -303 - -309. List the prime factors of l.
2, 3
Suppose 0 = -y + 3*t - 46, 2*y = 2*t + t - 92. Let p = 154 + y. List the prime factors of p.
2, 3
Suppose 5 - 3 = j. Suppose 0 = q - j + 25. Let t = q + 44. List the prime factors of t.
3, 7
Suppose 6*i - 15 = 3. Suppose -i*o - q + 872 = -2*q, -5*o + 1442 = 4*q. Suppose 5*h - c - c = 325, 0 = -5*h - 5*c + o. List the prime factors of h.
3, 7
Let o = 1358 + -777. What are the prime factors of o?
7, 83
Let o = 13 + -8. Suppose 4*p - 3*p = o. Suppose x = 3*g - 95, -2*g - 55 = -3*g + p*x. What are t